{"version":"1.0","provider_name":"be-te-kint blog","provider_url":"https:\/\/betekint.cafeblog.hu","author_name":"Herendy Adrienn","author_url":"https:\/\/betekint.cafeblog.hu\/author\/herendyagmail-com\/","title":"Szigetel\u00e9s","html":"<p style=\"text-align: justify\">Egy naps\u00fct\u00e9ses, vagy ink\u00e1bb k\u00e1nikulai napon mini-nyaral\u00e1sra indultunk. Az \u00fati c\u00e9l a Duna volt, illetve annak egy bizonyos szigete: a <a href=\"https:\/\/www.facebook.com\/pages\/Raf%C3%A1ssziget\/102551333172398?rf=324422200961406\" target=\"_blank\">Raf\u00e1s<\/a>.<\/p>\r\n<p style=\"text-align: justify\">Ennek a kis f\u00f6lddarabnak a t\u00f6rt\u00e9net\u00e9r\u0151l sajnos kev\u00e9s adatot tal\u00e1ltam. Mind\u00f6ssze egy\u00a0r\u00f6vid novell\u00e1t\u00a0tal\u00e1ltam Di\u00f3si Gy\u00f6rgy <a href=\"http:\/\/diosigyuri.5mp.eu\/web.php?a=diosigyuri&amp;o=4dV3Ch0UOB\" target=\"_blank\">honlapj\u00e1n<\/a>. A legenda szerint nev\u00e9t az els\u0151 lak\u00f3j\u00e1r\u00f3l kapta: az 1900-as \u00e9vek elej\u00e9n\u00a0egy r\u00e9szeges hal\u00e1sz lakta\u00a0a ter\u00fcletet, Raf\u00e1s M\u00e1t\u00e9. \u00a0A mai birtokszerkezet m\u00e1r nem ennyire egys\u00e9ges, k\u00f6r\u00fclbel\u00fcl 30-40 apr\u00f3 telekre osztott. Minden telken kisebb-nagyobb h\u00e1zik\u00f3t, homokos talaj\u00fa kertet tal\u00e1lunk, s a ker\u00edt\u00e9sen k\u00edv\u00fcl n\u00e1dassal k\u00f6rbevett st\u00e9get. Ide nem vezet h\u00edd, csakis v\u00edzi \u00faton k\u00f6zel\u00edthet\u0151 meg. A sziget lak\u00f3i j\u00f3l ismerik egym\u00e1st, a k\u00f6z\u00f6ss\u00e9g \u00f6sszetart\u00f3 \u00e9s seg\u00edt\u0151k\u00e9sz. A mi \u00fati c\u00e9lunk a sziget t\u00fals\u00f3 oldal\u00e1n tal\u00e1lhat\u00f3, a telek a Duna sz\u00e9lesebb medr\u00e9re n\u00e9z\u0151.<\/p>\r\n<p style=\"text-align: justify\"><a href=\"https:\/\/betekint.cafeblog.hu\/files\/2015\/06\/DSC_2553.jpg\"><img class=\" size-large wp-image-894 aligncenter\" src=\"https:\/\/betekint.cafeblog.hu\/files\/2015\/06\/DSC_2553-600x450.jpg\" alt=\"DSC_2553\" width=\"600\" height=\"450\" \/>\u00a0<\/a> <a href=\"https:\/\/betekint.cafeblog.hu\/files\/2015\/06\/DSC_2627.jpg\"><img class=\" size-large wp-image-897 aligncenter\" src=\"https:\/\/betekint.cafeblog.hu\/files\/2015\/06\/DSC_2627-400x600.jpg\" alt=\"DSC_2627\" width=\"400\" height=\"600\" \/>\u00a0<\/a> <a href=\"https:\/\/betekint.cafeblog.hu\/files\/2015\/06\/DSC_2640.jpg\">\u00a0<\/a> <a href=\"https:\/\/betekint.cafeblog.hu\/files\/2015\/06\/DSC_2643.jpg\"><img class=\" size-large wp-image-899 aligncenter\" src=\"https:\/\/betekint.cafeblog.hu\/files\/2015\/06\/DSC_2643-450x600.jpg\" alt=\"DSC_2643\" width=\"450\" height=\"600\" \/><\/a><\/p>\r\n<p style=\"text-align: justify\">Miskolct\u00f3l k\u00f6r\u00fclbel\u00fcl 3 \u00f3ra alatt tett\u00fck meg a 230\u00a0kilom\u00e9ternyi utat, az utols\u00f3 faluig, Szigetszentm\u00e1rtonig. A kocsi leparkol\u00e1sa ut\u00e1n k\u00f6vetkezett a magunkkal hozott cuccok \u00e1tpakol\u00e1sa a kik\u00f6t\u0151i st\u00e9gre, a st\u00e9gr\u0151l a cs\u00f3nakba, egyik partr\u00f3l a m\u00e1sikra, cs\u00f3nakb\u00f3l st\u00e9gre, st\u00e9gr\u0151l a h\u00e1zba. Sajnos a k\u00f6r\u00fclm\u00e9nyek nem k\u00f6nny\u00edtett\u00e9k meg a bejut\u00e1st, az er\u0151s sz\u00e9llel szemben nehezen haladt az evez\u0151s cs\u00f3nak. Szerencs\u00e9re v\u00e1ratlan seg\u00edts\u00e9get kaptunk: csomagjaink nagy r\u00e9sz\u00e9t, k\u00e9t feln\u0151ttet \u00e9s Nyurg\u00e1t befuvarozott egy kedves horg\u00e1sz a bels\u0151 st\u00e9ghez, egy motoros cs\u00f3nakkal. A besz\u00e1ll\u00e1s az\u00e9rt nem volt egyszer\u0171, a kiskutya megism\u00e9telte a tavaly ny\u00e1ri* mutatv\u00e1ny\u00e1t: a keskeny felj\u00e1r\u00f3r\u00f3l a v\u00edzbe esett. Szerencs\u00e9re most h\u00e1m \u00e9s p\u00f3r\u00e1z is volt rajta, az ijedts\u00e9g sem volt akkora, hamar kih\u00faztam a v\u00edzb\u0151l. Nem tudom hogy a t\u00f6bbi whippet szeret-e \u00faszni, de Nyurg\u00e1val ezek ut\u00e1n nem tudom hogyan fogom megszerettetni a vizet.<\/p>\r\n<p style=\"text-align: justify;padding-left: 30px\">*Tavaly ny\u00e1ron az <a href=\"https:\/\/betekint.cafeblog.hu\/2014\/08\/02\/nyurga-nyaral-orseg\/\" target=\"_blank\">\u0150rs\u00e9gi nyaral\u00e1sunk<\/a> el\u0151tti \u00e9jszak\u00e1t t\u00f6lt\u00f6tt\u00fck a Raf\u00e1son. Az indul\u00e1s napj\u00e1n a k\u00e9tszem\u00e9lyes cs\u00f3nakkal 3-szor kellett fordulni, mire mindenki a partra jutott. Nyurga az els\u0151 k\u00f6rben kelt \u00e1t, v\u00e9gignyafogva az utat, mivel Imre a parton maradt. <em>(K\u00e9ts\u00e9gbeejt\u0151 ha a gazdik sz\u00e9tv\u00e1lnak!)<\/em> Miut\u00e1n mindk\u00e9t gazdi a partra \u00e9rt, Nyurg\u00e1t elengedtem, hadd \u00e9lvezze a foly\u00f3partot. A harmadik fordul\u00f3n\u00e1l \u00e9pp seg\u00e9dkeztem a ki-besz\u00e1ll\u00e1sn\u00e1l, amikor csobban\u00e1st, majd k\u00e1romkod\u00e1st hallottam a h\u00e1tam m\u00f6g\u00fcl. \u00a0Imre \u00e9pp pr\u00f3b\u00e1lta kimenteni Nyurg\u00e1t a v\u00edzb\u0151l,\u00a0mire oda\u00e9rtem. Csurom vizesen, v\u00edzin\u00f6v\u00e9nyekkel bor\u00edtva, megszeppenve szedt\u00fck ki a v\u00edzb\u0151l. Aggodalmunk, miszerint egy b\u00fcd\u00f6s, hal- \u00e9s iszapszag\u00fa kuty\u00e1val kell v\u00e9gigutaznunk a Dun\u00e1nt\u00falon, szerencs\u00e9re alaptalannak bizonyult. Nyurga hamar megsz\u00e1radt, \u00e9s a v\u00e9kony kis bund\u00e1ja nem tartotta mag\u00e1ban a kellemetlen szagokat.<\/p>\r\n<p style=\"text-align: justify\">D\u00e9lut\u00e1n\u00a0Nyurga felsz\u00edv\u00f3dott. H\u00edvogattuk, keresg\u00e9lt\u00fck, sehol nem tal\u00e1ltuk. Kicsit agg\u00f3dtam, hogy ism\u00e9t a v\u00edzbe ker\u00fclt, \u00e9s nem tud kim\u00e1szni, de valami m\u00e1s t\u00f6rt\u00e9nt: a torkoss\u00e1g keverte bajba. Ism\u00e9t. K\u00e9t telekkel arr\u00e9bb nagyobb l\u00e9tsz\u00e1m\u00fa \"unok\u00e1z\u00e1s\" folyt napk\u00f6zben. A ilyenkor megszokott j\u00f3 magyar szok\u00e1s szerint r\u00e1ntott h\u00fas szeletek k\u00e9sz\u00fcltek a csal\u00e1d ell\u00e1t\u00e1s\u00e1ra. A j\u00f3hiszem\u0171 h\u00e1ziasszony, mit sem sejtve, egy udvari szikl\u00e1n h\u0171t\u00f6tte le a serpeny\u0151t, \u00e9s a haszn\u00e1lt olajat. Kedves olvas\u00f3, sejted m\u00e1r Nyurga t\u00e1voll\u00e9t\u00e9nek ok\u00e1t? Az \u00e9n torkos, \u00e9henk\u00f3r\u00e1sz kiskuty\u00e1m azzal volt elfoglalva, hogy ezt a marad\u00e9k \u00e9tolajat az utols\u00f3 cseppig elt\u00fcntesse. F\u00e9l liter haszn\u00e1lt olajat szippantott f\u00f6l.<\/p>\r\n<p style=\"text-align: justify\">S\u0171r\u0171 bocs\u00e1natk\u00e9r\u00e9sek k\u00f6zepette kitereltem Nyurg\u00e1t a telekr\u0151l, hazahajtottam, s innent\u0151l z\u00e1rva tartottuk a kaput. Az este tov\u00e1bbi r\u00e9sz\u00e9ben az igencsak k\u00f3kadt kiskuty\u00e1t gard\u00edroztam, aki n\u00e9h\u00e1ny \u00f3r\u00e1n bel\u00fcl megszabadult a teljes, aznap elfogyasztott \u00e9teladagj\u00e1t\u00f3l, sztenderd \u00e9s nem-sztenderd outputokon kereszt\u00fcl. Ha \u00e9rted mire gondolok... ;)<\/p>\r\n<p style=\"text-align: justify\">Reggelre m\u00e1r kutyabaja sem volt. Kapunyit\u00e1s ut\u00e1n kider\u00fclt, semmit sem tanult a dologb\u00f3l: els\u0151 \u00fatja az eml\u00edtett szomsz\u00e9d kapuja fel\u00e9 vezetett. Ez\u00fattal z\u00e1rva tal\u00e1lta, de m\u00e1r mi is r\u00e9sen voltunk.<\/p>\r\n<p style=\"text-align: justify\">M\u00e9g k\u00e9s\u0151d\u00e9lut\u00e1n k\u00f6rbes\u00e9t\u00e1ltunk az \u00e9szaki r\u00e9szen. A cs\u00facsn\u00e1l tal\u00e1lkoztunk egy lelkes staffordshire terrierrel, Kyr\u00e1val, aki el\u0151sz\u00f6r kisebb riadalmat keltett megjelen\u00e9s\u00e9vel. A gazdi hamar megjelent, \u00e9s ism\u00e9t beigazol\u00f3dott: ezek a rossz h\u00edr\u0171 kuty\u00e1k a legbar\u00e1ts\u00e1gosabbak a jelenleg elterjedt, v\u00e1rosban tartott fajt\u00e1k k\u00f6z\u00fcl. Rem\u00e9nykedtem hogy a j\u00f3 p\u00e9lda ragad\u00f3s, de hi\u00e1ba apport\u00edrozott Kyra lelkesen a v\u00edzb\u0151l, Nyurg\u00e1t nem kapta el a h\u00e9v, nem volt hajland\u00f3 lel\u00e9pni sem a partr\u00f3l. Az eldobott bot ut\u00e1n rohant, de a v\u00edz sz\u00e9l\u00e9n mindig megtorpant, \u00e9s ugat\u00e1ssal komment\u00e1lta a vid\u00e1man \u00faszk\u00e1l\u00f3 staff er\u0151fesz\u00edt\u00e9seit.<\/p>\r\n<p><a href=\"https:\/\/betekint.cafeblog.hu\/files\/2015\/06\/DSC_2585.jpg\"><img class=\" size-large wp-image-903 aligncenter\" src=\"https:\/\/betekint.cafeblog.hu\/files\/2015\/06\/DSC_2585-450x600.jpg\" alt=\"DSC_2585\" width=\"450\" height=\"600\" \/>\u00a0<\/a> <a href=\"https:\/\/betekint.cafeblog.hu\/files\/2015\/06\/DSC_2602.jpg\"><img class=\" size-large wp-image-904 aligncenter\" src=\"https:\/\/betekint.cafeblog.hu\/files\/2015\/06\/DSC_2602-450x600.jpg\" alt=\"DSC_2602\" width=\"450\" height=\"600\" \/><\/a><\/p>\r\n<p style=\"text-align: justify\">Hazafel\u00e9, pihen\u0151hely gyan\u00e1nt, egy g\u00f6d\u00f6ll\u0151i \u00e9ttermet szemelt\u00fcnk ki. Kutyabar\u00e1t \u00e9ttermet nem tal\u00e1ltam a k\u00f6rny\u00e9ken, de rem\u00e9nykedtem hogy a teraszon megt\u0171rnek minket. Szerencs\u00e9nk volt, a <a href=\"http:\/\/www.szigetvendeglo.hu\/\" target=\"_blank\">Sziget Vend\u00e9gl\u0151ben<\/a> remek kiszolg\u00e1l\u00e1sban volt r\u00e9sz\u00fcnk \u00e9s az \u00f3ri\u00e1spalacsint\u00e1t is im\u00e1dtuk! Nyurga sem panaszkodott az elhelyez\u00e9sre az asztal al\u00f3l, az \u00e1rny\u00e9kb\u00f3l. A h\u00e9tv\u00e9gi kalandok ut\u00e1n pont el\u00e9g f\u00e1radt volt hozz\u00e1, hogy sz\u00e9p cs\u00f6ndben \u00e9s ill\u0151en viselkedjen.<\/p>\r\n<p style=\"text-align: justify\">A k\u00e9t nap kalandjai, \u00e9s az utaz\u00e1s okozta f\u00e1radalmak kimer\u00edtett\u00e9k a kiskuty\u00e1t, \u00e9s mi is elt\u00e1volodtunk a mindennapi m\u00f3kusker\u00e9kt\u0151l. Minden l\u00e1togat\u00e1sunkkor sajn\u00e1lom, hogy nem igaz\u00e1n szeretem a vizet. Sokkal \u00e9lvezetesebb lett volna a h\u00e9tv\u00e9ge, ha \u00e9n is csobbanok a Duna hideg viz\u00e9ben. Ha van valakinek biztos m\u00f3dszere, hogyan lehet megszerettetni a vizet egy feln\u0151tt emberrel, mindenk\u00e9ppen \u00edrja meg!<br \/><a href=\"https:\/\/betekint.cafeblog.hu\/files\/2015\/06\/DSC_2622.jpg\"><img class=\" size-large wp-image-907 aligncenter\" src=\"https:\/\/betekint.cafeblog.hu\/files\/2015\/06\/DSC_2622-450x600.jpg\" alt=\"DSC_2622\" width=\"450\" height=\"600\" \/>\u00a0<\/a> <a href=\"https:\/\/betekint.cafeblog.hu\/files\/2015\/06\/DSC_2633.jpg\"><img class=\" size-large wp-image-908 aligncenter\" src=\"https:\/\/betekint.cafeblog.hu\/files\/2015\/06\/DSC_2633-600x400.jpg\" alt=\"DSC_2633\" width=\"600\" height=\"400\" \/><\/a><\/p>","type":"rich","thumbnail_url":"https:\/\/betekint.cafeblog.hu\/files\/2015\/06\/DSC_2633-150x150.jpg","thumbnail_width":150,"thumbnail_height":150}

Szigetelés

<p style="text-align: justify">Egy napsütéses, vagy inkább kánikulai napon mini-nyaralásra indultunk. Az úti cél a Duna volt, illetve annak egy bizonyos szigete: a <a href="https://www.facebook.com/pages/Raf%C3%A1ssziget/102551333172398?rf=324422200961406" target="_blank">Rafás</a>.</p>
<p style="text-align: justify">Ennek a kis földdarabnak a történetéről sajnos kevés adatot találtam. Mindössze egy rövid novellát találtam Diósi György <a href="http://diosigyuri.5mp.eu/web.php?a=diosigyuri&amp;o=4dV3Ch0UOB" target="_blank">honlapján</a>. A legenda szerint nevét az első lakójáról kapta: az 1900-as évek elején egy részeges halász lakta a területet, Rafás Máté.  A mai birtokszerkezet már nem ennyire egységes, körülbelül 30-40 apró telekre osztott. Minden telken kisebb-nagyobb házikót, homokos talajú kertet találunk, s a kerítésen kívül nádassal körbevett stéget. Ide nem vezet híd, csakis vízi úton közelíthető meg. A sziget lakói jól ismerik egymást, a közösség összetartó és segítőkész. A mi úti célunk a sziget túlsó oldalán található, a telek a Duna szélesebb medrére néző.</p>
<p style="text-align: justify"><a href="https://betekint.cafeblog.hu/files/2015/06/DSC_2553.jpg"><img class=" size-large wp-image-894 aligncenter" src="https://betekint.cafeblog.hu/files/2015/06/DSC_2553-600x450.jpg" alt="DSC_2553" width="600" height="450" /> </a> <a href="https://betekint.cafeblog.hu/files/2015/06/DSC_2627.jpg"><img class=" size-large wp-image-897 aligncenter" src="https://betekint.cafeblog.hu/files/2015/06/DSC_2627-400x600.jpg" alt="DSC_2627" width="400" height="600" /> </a> <a href="https://betekint.cafeblog.hu/files/2015/06/DSC_2640.jpg"> </a> <a href="https://betekint.cafeblog.hu/files/2015/06/DSC_2643.jpg"><img class=" size-large wp-image-899 aligncenter" src="https://betekint.cafeblog.hu/files/2015/06/DSC_2643-450x600.jpg" alt="DSC_2643" width="450" height="600" /></a></p>
<p style="text-align: justify">Miskolctól körülbelül 3 óra alatt tettük meg a 230 kilométernyi utat, az utolsó faluig, Szigetszentmártonig. A kocsi leparkolása után következett a magunkkal hozott cuccok átpakolása a kikötői stégre, a stégről a csónakba, egyik partról a másikra, csónakból stégre, stégről a házba. Sajnos a körülmények nem könnyítették meg a bejutást, az erős széllel szemben nehezen haladt az evezős csónak. Szerencsére váratlan segítséget kaptunk: csomagjaink nagy részét, két felnőttet és Nyurgát befuvarozott egy kedves horgász a belső stéghez, egy motoros csónakkal. A beszállás azért nem volt egyszerű, a kiskutya megismételte a tavaly nyári* mutatványát: a keskeny feljáróról a vízbe esett. Szerencsére most hám és póráz is volt rajta, az ijedtség sem volt akkora, hamar kihúztam a vízből. Nem tudom hogy a többi whippet szeret-e úszni, de Nyurgával ezek után nem tudom hogyan fogom megszerettetni a vizet.</p>
<p style="text-align: justify;padding-left: 30px">*Tavaly nyáron az <a href="https://betekint.cafeblog.hu/2014/08/02/nyurga-nyaral-orseg/" target="_blank">Őrségi nyaralásunk</a> előtti éjszakát töltöttük a Rafáson. Az indulás napján a kétszemélyes csónakkal 3-szor kellett fordulni, mire mindenki a partra jutott. Nyurga az első körben kelt át, végignyafogva az utat, mivel Imre a parton maradt. <em>(Kétségbeejtő ha a gazdik szétválnak!)</em> Miután mindkét gazdi a partra ért, Nyurgát elengedtem, hadd élvezze a folyópartot. A harmadik fordulónál épp segédkeztem a ki-beszállásnál, amikor csobbanást, majd káromkodást hallottam a hátam mögül.  Imre épp próbálta kimenteni Nyurgát a vízből, mire odaértem. Csurom vizesen, vízinövényekkel borítva, megszeppenve szedtük ki a vízből. Aggodalmunk, miszerint egy büdös, hal- és iszapszagú kutyával kell végigutaznunk a Dunántúlon, szerencsére alaptalannak bizonyult. Nyurga hamar megszáradt, és a vékony kis bundája nem tartotta magában a kellemetlen szagokat.</p>
<p style="text-align: justify">Délután Nyurga felszívódott. Hívogattuk, keresgéltük, sehol nem találtuk. Kicsit aggódtam, hogy ismét a vízbe került, és nem tud kimászni, de valami más történt: a torkosság keverte bajba. Ismét. Két telekkel arrébb nagyobb létszámú "unokázás" folyt napközben. A ilyenkor megszokott jó magyar szokás szerint rántott hús szeletek készültek a család ellátására. A jóhiszemű háziasszony, mit sem sejtve, egy udvari sziklán hűtötte le a serpenyőt, és a használt olajat. Kedves olvasó, sejted már Nyurga távollétének okát? Az én torkos, éhenkórász kiskutyám azzal volt elfoglalva, hogy ezt a maradék étolajat az utolsó cseppig eltüntesse. Fél liter használt olajat szippantott föl.</p>
<p style="text-align: justify">Sűrű bocsánatkérések közepette kitereltem Nyurgát a telekről, hazahajtottam, s innentől zárva tartottuk a kaput. Az este további részében az igencsak kókadt kiskutyát gardíroztam, aki néhány órán belül megszabadult a teljes, aznap elfogyasztott ételadagjától, sztenderd és nem-sztenderd outputokon keresztül. Ha érted mire gondolok... ;)</p>
<p style="text-align: justify">Reggelre már kutyabaja sem volt. Kapunyitás után kiderült, semmit sem tanult a dologból: első útja az említett szomszéd kapuja felé vezetett. Ezúttal zárva találta, de már mi is résen voltunk.</p>
<p style="text-align: justify">Még késődélután körbesétáltunk az északi részen. A csúcsnál találkoztunk egy lelkes staffordshire terrierrel, Kyrával, aki először kisebb riadalmat keltett megjelenésével. A gazdi hamar megjelent, és ismét beigazolódott: ezek a rossz hírű kutyák a legbarátságosabbak a jelenleg elterjedt, városban tartott fajták közül. Reménykedtem hogy a jó példa ragadós, de hiába apportírozott Kyra lelkesen a vízből, Nyurgát nem kapta el a hév, nem volt hajlandó lelépni sem a partról. Az eldobott bot után rohant, de a víz szélén mindig megtorpant, és ugatással kommentálta a vidáman úszkáló staff erőfeszítéseit.</p>
<p><a href="https://betekint.cafeblog.hu/files/2015/06/DSC_2585.jpg"><img class=" size-large wp-image-903 aligncenter" src="https://betekint.cafeblog.hu/files/2015/06/DSC_2585-450x600.jpg" alt="DSC_2585" width="450" height="600" /> </a> <a href="https://betekint.cafeblog.hu/files/2015/06/DSC_2602.jpg"><img class=" size-large wp-image-904 aligncenter" src="https://betekint.cafeblog.hu/files/2015/06/DSC_2602-450x600.jpg" alt="DSC_2602" width="450" height="600" /></a></p>
<p style="text-align: justify">Hazafelé, pihenőhely gyanánt, egy gödöllői éttermet szemeltünk ki. Kutyabarát éttermet nem találtam a környéken, de reménykedtem hogy a teraszon megtűrnek minket. Szerencsénk volt, a <a href="http://www.szigetvendeglo.hu/" target="_blank">Sziget Vendéglőben</a> remek kiszolgálásban volt részünk és az óriáspalacsintát is imádtuk! Nyurga sem panaszkodott az elhelyezésre az asztal alól, az árnyékból. A hétvégi kalandok után pont elég fáradt volt hozzá, hogy szép csöndben és illően viselkedjen.</p>
<p style="text-align: justify">A két nap kalandjai, és az utazás okozta fáradalmak kimerítették a kiskutyát, és mi is eltávolodtunk a mindennapi mókuskeréktől. Minden látogatásunkkor sajnálom, hogy nem igazán szeretem a vizet. Sokkal élvezetesebb lett volna a hétvége, ha én is csobbanok a Duna hideg vizében. Ha van valakinek biztos módszere, hogyan lehet megszerettetni a vizet egy felnőtt emberrel, mindenképpen írja meg!<br /><a href="https://betekint.cafeblog.hu/files/2015/06/DSC_2622.jpg"><img class=" size-large wp-image-907 aligncenter" src="https://betekint.cafeblog.hu/files/2015/06/DSC_2622-450x600.jpg" alt="DSC_2622" width="450" height="600" /> </a> <a href="https://betekint.cafeblog.hu/files/2015/06/DSC_2633.jpg"><img class=" size-large wp-image-908 aligncenter" src="https://betekint.cafeblog.hu/files/2015/06/DSC_2633-600x400.jpg" alt="DSC_2633" width="600" height="400" /></a></p>
